{"id":4,"date":"2018-04-12T18:34:00","date_gmt":"2018-04-12T18:34:00","guid":{"rendered":"http:\/\/9430lacordaire.ca\/appartements-a-louer-saint-leonard\/index.php\/one-page-express\/"},"modified":"2020-10-14T18:39:15","modified_gmt":"2020-10-14T18:39:15","slug":"a-louer","status":"publish","type":"page","link":"https:\/\/9430lacordaire.ca\/appartements-a-louer-saint-leonard\/","title":{"rendered":"Front Page"},"content":{"rendered":"<div  id=\"contact\" class=\"features-image-cards-section stripped-features-image-cards-section\" style=\"background-color: #ffffff;\" data-label=\"Contact\" data-id=\"stripped-features-image-cards-section\" data-category=\"overlapable\" data-=\"\" data-overlap=\"true\">\n<div  class=\"gridContainer\">\n<div  class=\"features-image-cards-innerrow flexbox-list\" data-type=\"row\">\n<div  class=\"features-image-cards-cardcol cp6cols-tablet cp6cols\">\n<div  class=\"features-image-cards-cardrow\">\n<div  class=\"features-image-cards-cardtextrow\" data-type=\"column\">\n\n<hr  class=\"features-image-cards-separator\">\n\n<h5  class=\"\">Merci de remplir ce formulaire afin que nous vous contactions.<\/h5>\n<div  class=\"spacer\" data-type=\"group\"><\/div>\n<p  class=\"\">\n<div class=\"wpcf7 no-js\" id=\"wpcf7-f6-o1\" lang=\"fr-FR\" dir=\"ltr\">\n<div class=\"screen-reader-response\"><p role=\"status\" aria-live=\"polite\" aria-atomic=\"true\"><\/p> <ul><\/ul><\/div>\n<form action=\"\/appartements-a-louer-saint-leonard\/index.php\/wp-json\/wp\/v2\/pages\/4#wpcf7-f6-o1\" method=\"post\" class=\"wpcf7-form init\" aria-label=\"Formulaire de contact\" novalidate=\"novalidate\" data-status=\"init\">\n<div style=\"display: none;\">\n<input type=\"hidden\" name=\"_wpcf7\" value=\"6\" \/>\n<input type=\"hidden\" name=\"_wpcf7_version\" value=\"5.7.7\" \/>\n<input type=\"hidden\" name=\"_wpcf7_locale\" value=\"fr_FR\" \/>\n<input type=\"hidden\" name=\"_wpcf7_unit_tag\" value=\"wpcf7-f6-o1\" \/>\n<input type=\"hidden\" name=\"_wpcf7_container_post\" value=\"0\" \/>\n<input type=\"hidden\" name=\"_wpcf7_posted_data_hash\" value=\"\" \/>\n<input type=\"hidden\" name=\"_wpcf7_recaptcha_response\" value=\"\" \/>\n<\/div>\n<p><label> Votre nom*<br \/>\n<span class=\"wpcf7-form-control-wrap\" data-name=\"your-name\"><input size=\"40\" class=\"wpcf7-form-control wpcf7-text wpcf7-validates-as-required\" aria-required=\"true\" aria-invalid=\"false\" value=\"\" type=\"text\" name=\"your-name\" \/><\/span> <\/label>\n<\/p>\n<p><label> Votre adresse de messagerie*<br \/>\n<span class=\"wpcf7-form-control-wrap\" data-name=\"your-email\"><input size=\"40\" class=\"wpcf7-form-control wpcf7-text wpcf7-email wpcf7-validates-as-required wpcf7-validates-as-email\" aria-required=\"true\" aria-invalid=\"false\" value=\"\" type=\"email\" name=\"your-email\" \/><\/span> <\/label>\n<\/p>\n<p><label> Votre num\u00e9ro de t\u00e9l\u00e9phone*<br \/>\n<span class=\"wpcf7-form-control-wrap\" data-name=\"tel-619\"><input size=\"40\" class=\"wpcf7-form-control wpcf7-text wpcf7-tel wpcf7-validates-as-required wpcf7-validates-as-tel\" aria-required=\"true\" aria-invalid=\"false\" value=\"\" type=\"tel\" name=\"tel-619\" \/><\/span><\/label>\n<\/p>\n<p><label> Votre message<br \/>\n<span class=\"wpcf7-form-control-wrap\" data-name=\"your-message\"><textarea cols=\"40\" rows=\"10\" class=\"wpcf7-form-control wpcf7-textarea\" aria-invalid=\"false\" name=\"your-message\"><\/textarea><\/span> <\/label>\n<\/p>\n<p><input class=\"wpcf7-form-control has-spinner wpcf7-submit\" type=\"submit\" value=\"Envoyer\" \/>\n<\/p><div class=\"wpcf7-response-output\" aria-hidden=\"true\"><\/div>\n<\/form>\n<\/div>\n<\/p>\n\n<\/div>\n<\/div>\n<\/div>\n<div  class=\"features-image-cards-cardcol cp6cols-tablet cp6cols\">\n<div  class=\"features-image-cards-cardrow\">\n<div  class=\"features-image-cards-cardtextrow\" data-type=\"column\">\n\n<hr  class=\"features-image-cards-separator\">\n\n<img decoding=\"async\"  class=\"custom-image\" src=\"http:\/\/9430lacordaire.ca\/appartements-a-louer-saint-leonard\/wp-content\/uploads\/2018\/12\/IMG-3893.jpg\">\n<div  class=\"spacer\" data-type=\"group\"><\/div>\n<p  class=\"\">Le Faubourg Lacrodaire est un tout nouveau projet d\u2019appartements locatif de 154 unit\u00e9s, situ\u00e9 dans un quartier pr\u00eat de la gare de Saint-L\u00e9onard et \u00e0 proximit\u00e9 des commerces et garderie.<\/p>\n\n<h4  class=\"\">Plusieurs types de grandeurs vous sont offerts afin que vous puissiez choisir la demeure qui vous convient le mieux \u00e0 vos besoins.<\/h4>\n<p  class=\"\">Afin d\u2019apporter plus de bien-\u00eatre aux r\u00e9sidents du projet, le Faubourg Lacordaire offre \u00e0 proximit\u00e9 un IGA, Gym \u00c9cono Fitness, restaurants ainsi qu\u2019une garderie \u00e0 m\u00eame le projet.<\/p>\n\n<\/div>\n<\/div>\n<\/div>\n<\/div>\n<\/div>\n<\/div><div  id=\"about-1\" class=\"about-big-images-section\" style=\"background-color: #f6f6f6;\" data-label=\"About\" data-id=\"about-big-images-section\" data-category=\"about\">\n<div  class=\"gridContainer\">\n<div  class=\"about-big-images-textrow\">\n<div  class=\"about-big-images-textcol dynamic-color\" data-type=\"column\">\n<h5  class=\"\">MODERNES &amp; ACCESSIBLES<\/h5>\n<h3  class=\"\">Les appartements \u00e0 louer du&nbsp;<span  class=\"span25\">9430 Lacordaire<\/span>&nbsp;offriront des services dans un environnement d\u2019exception<\/h3>\n<p  class=\"\">Avantageusement situ\u00e9es pr\u00e8s de la gare dans l\u2019arrondissement Saint-L\u00e9onard, ses installations en feront une r\u00e9f\u00e9rence tant pour les professionnels gr\u00e2ce \u00e0 un acc\u00e8s rapide pour d\u00e9placements en ville que pour les couples et les familles \u00e0 la recherche d\u2019un style de vie remarquable.<\/p>\n<a class=\"button blue big\" href=\"http:\/\/9430lacordaire.ca\/appartements-a-louer-saint-leonard\/#contact\" target=\"_self\" rel=\"noopener noreferrer\">Obtenir de l\u2019information<\/a>\n\n<\/div>\n<\/div>\n<\/div>\n<div  class=\"about-big-images-bottomrow\">\n<div  class=\"about-big-images-leftimgcol\"><img decoding=\"async\"  class=\"about-big-images-leftimg\" src=\"http:\/\/9430lacordaire.ca\/appartements-a-louer-saint-leonard\/wp-content\/uploads\/2018\/06\/couverture.jpg\"><\/div>\n<div  class=\"about-big-images-centerimgcol\"><img decoding=\"async\"  class=\"about-big-images-centerimg\" src=\"http:\/\/9430lacordaire.ca\/appartements-a-louer-saint-leonard\/wp-content\/uploads\/2018\/04\/Cover_Lacordaire_5.jpg\"><\/div>\n<div  class=\"about-big-images-rightimgcol\"><img decoding=\"async\"  class=\"about-big-images-rightimg\" src=\"http:\/\/9430lacordaire.ca\/appartements-a-louer-saint-leonard\/wp-content\/uploads\/2018\/12\/IMG-3889.jpg\"><\/div>\n<\/div>\n<\/div><div  id=\"cta-1\" class=\"cta-blue-section\" data-label=\"Call to action\" data-id=\"cta-blue-section\" data-category=\"cta\">\n<div  class=\"gridContainer\">\n<div  class=\"flexbox-list flexbox-list-align-center row\">\n<div  class=\"cta-blue-textcol dynamic-color\">\n<h2  class=\"cta-blue-text\"><b  class=\"element2\"> Contactez-nous&nbsp;<\/b>\n514.324.9430<\/h2>\n<\/div>\n<div  class=\"cta-blue-btncol\"><a class=\"button big yellow dark-text\" href=\"http:\/\/9430lacordaire.ca\/appartements-a-louer-saint-leonard\/#contact\" target=\"_self\" rel=\"noopener noreferrer\"> Obtenir de l\u2019information <\/a><\/div>\n<\/div>\n<\/div>\n<\/div><div  id=\"about-4\" class=\"about-text-grid-section\" style=\"background-color: #ffffff;\" data-label=\"About\" data-id=\"about-text-grid-section\" data-category=\"about\">\n<div  class=\"gridContainer\">\n<div  class=\"about-text-grid-innerrow\">\n<div  class=\"about-text-grid-textcol dynamic-color\" data-type=\"column\">\n<h3  class=\"\">Nos&nbsp;<span  class=\"span24\">inclus&nbsp;<\/span>dans la location<\/h3>\n<p  class=\"\">Un ajout de 150$ pour une place de stationnement int\u00e9rieur est possible.<\/p>\n<a class=\"button blue\" href=\"http:\/\/9430lacordaire.ca\/appartements-a-louer-saint-leonard\/#contact\" target=\"_self\" rel=\"noopener noreferrer\">Obtenir de l\u2019information<\/a>\n\n<\/div>\n<div  class=\"about-text-grid-rightgridcol\">\n<div  class=\"about-text-grid-rightgridrow flexbox-list\">\n<div  class=\"about-text-grid-imgcol\" style=\"background-image: url('http:\/\/9430lacordaire.ca\/appartements-a-louer-saint-leonard\/wp-content\/uploads\/2018\/12\/IMG-3943.jpg');\" data-bg=\"image\"><\/div>\n<div  class=\"about-text-grid-rightgridtextcol\" data-type=\"column\">\n<h5  class=\"\">INCLUSIONS<\/h5>\n<p  class=\"\">Laveuse &amp; s\u00e9cheuse<\/p>\nCuisini\u00e8re, r\u00e9frig\u00e9rateur et lave-vaisselle, climatiseur.\n\n<\/div>\n<div  class=\"about-text-grid-rightgridtextcol\" data-type=\"column\">\n<h5  class=\"\">GRANDEURS DISPONIBLES<\/h5>\n<a  href=\"http:\/\/9430lacordaire.ca\/appartements-a-louer-saint-leonard\/#contact\" class=\"\">Inscrivez-vous \u00e0 la liste pour r\u00e9server votre place<\/a>.\n\n<\/div>\n<div  class=\"about-text-grid-imgcol2\" style=\"background-image: url('http:\/\/9430lacordaire.ca\/appartements-a-louer-saint-leonard\/wp-content\/uploads\/2018\/12\/IMG-3939.jpg');\" data-bg=\"image\"><\/div>\n<\/div>\n<\/div>\n<\/div>\n<\/div>\n<\/div><div  id=\"features-6\" class=\"features-small-image-cards-section\" style=\"background-color: #f6f6f6;\" data-label=\"Features\" data-id=\"features-small-image-cards-section\" data-category=\"features\">\n<div  class=\"gridContainer\">\n<div  class=\"features-small-image-cards-textrow\">\n<div  class=\"features-small-image-cards-textcol dynamic-color\" data-type=\"column\">\n<h2  class=\"\">Nos types d\u2019appartements disponibles pour la location<\/h2>\n<p  class=\"\">Le FAUBOURG LACORDAIRE offrira aux r\u00e9sidents la possibilit\u00e9 de louer des unit\u00e9s d\u2019habitations de style condo. *Le prix peu varier selon la grandeur et l\u2019emplacement dans l\u2019immeuble.<\/p>\n\n<\/div>\n<\/div>\n<div  class=\"features-small-image-cards-featrow dark-text\" data-type=\"row\">\n<div  class=\"features-small-image-cards-featcol\">\n<div  class=\"features-small-image-cards-featinnerrow flexbox-list\">\n<div  class=\"features-small-image-cards-imgcol\" style=\"background-image: url('http:\/\/9430lacordaire.ca\/appartements-a-louer-saint-leonard\/wp-content\/uploads\/2018\/06\/studio-2.png');\" data-bg=\"image\"><\/div>\n<div  class=\"features-small-image-cards-featcol-feattextcol\" data-type=\"column\">\n<h4  class=\"heading103\">\u00c0 partir de 1025$\/mois<\/h4>\n<p  class=\"\">Contactez-nous pour avoir la disponibilit\u00e9 de nos appartements au 514 324-9430.<\/p>\n\n\n<hr  class=\"features-small-image-cards-separator\">\n\n<a class=\"\" href=\"http:\/\/9430lacordaire.ca\/appartements-a-louer-saint-leonard\/#contact\" target=\"_self\" rel=\"noopener noreferrer\">Inscrivez-vous<\/a>\n\n<\/div>\n<\/div>\n<\/div>\n<div  class=\"features-small-image-cards-featcol\">\n<div  class=\"features-small-image-cards-featinnerrow flexbox-list\">\n<div  class=\"features-small-image-cards-imgcol\" style=\"background-image: url('http:\/\/9430lacordaire.ca\/appartements-a-louer-saint-leonard\/wp-content\/uploads\/2018\/06\/3_demi-2.png');\" data-bg=\"image\"><\/div>\n<div  class=\"features-small-image-cards-featcol-feattextcol\" data-type=\"column\">\n<h4  class=\"heading103\">\u00c0 partir de 1150$\/mois<\/h4>\n<p  class=\"\">Tous nos appartements 3 1\/2 sont lou\u00e9. D\u2019autre grandeur sont disponible.<\/p>\n\n\n<hr  class=\"features-small-image-cards-separator\">\n\n<a class=\"\" href=\"http:\/\/9430lacordaire.ca\/appartements-a-louer-saint-leonard\/#contact\" target=\"_self\" rel=\"noopener noreferrer\">Inscrivez-vous<\/a>\n\n<\/div>\n<\/div>\n<\/div>\n<div  class=\"features-small-image-cards-featcol\">\n<div  class=\"features-small-image-cards-featinnerrow flexbox-list\">\n<div  class=\"features-small-image-cards-imgcol\" style=\"background-image: url('http:\/\/9430lacordaire.ca\/appartements-a-louer-saint-leonard\/wp-content\/uploads\/2018\/06\/4_demi-2.png');\" data-bg=\"image\"><\/div>\n<div  class=\"features-small-image-cards-featcol-feattextcol\" data-type=\"column\">\n<h4  class=\"heading103\">\u00c0 partir de 1400$\/mois<\/h4>\n<p  class=\"\">Contactez-nous pour avoir la disponibilit\u00e9 de nos appartements au <a  class=\"\" href=\"tel:5143249430\">514 324-9430<\/a>.<\/p>\n\n\n<hr  class=\"features-small-image-cards-separator\">\n\n<a class=\"\" href=\"http:\/\/9430lacordaire.ca\/appartements-a-louer-saint-leonard\/#contact\" target=\"_self\" rel=\"noopener noreferrer\">Inscrivez-vous<\/a>\n\n<\/div>\n<\/div>\n<\/div>\n<div  class=\"features-small-image-cards-featcol\">\n<div  class=\"features-small-image-cards-featinnerrow flexbox-list\">\n<div  class=\"features-small-image-cards-imgcol\" style=\"background-image: url('http:\/\/9430lacordaire.ca\/appartements-a-louer-saint-leonard\/wp-content\/uploads\/2018\/06\/5_demi-2.png');\" data-bg=\"image\"><\/div>\n<div  class=\"features-small-image-cards-featcol-feattextcol\" data-type=\"column\">\n<h4  class=\"heading103\">\u00c0 partir de 1650$\/mois<\/h4>\n<p  class=\"\">Tous nos appartements 5 1\/2 sont lou\u00e9. D\u2019autre grandeurs sont disponible.<\/p>\n\n\n<hr  class=\"features-small-image-cards-separator\">\n\n<a class=\"\" href=\"http:\/\/9430lacordaire.ca\/appartements-a-louer-saint-leonard\/#contact\" target=\"_self\" rel=\"noopener noreferrer\">Inscrivez-vous<\/a>\n\n<\/div>\n<\/div>\n<\/div>\n<\/div>\n<\/div>\n<\/div><div  id=\"portfolio-2\" class=\"portfolio-full-section\" style=\"background-color: #f6f6f6;\" data-label=\"Portfolio\" data-id=\"portfolio-full-section\" data-category=\"portfolio\">\n<div  class=\"portfolio-full-section\" data-type=\"row\">\n<div  class=\"portfolio-full-projectco cp4cols cp4cols-tablet\">\n<div  id=\"ContentSwap103\" class=\"contentswap-effect ContentSwap103\">\n<div  class=\"ContentSwap103_content initial-image\"><img decoding=\"async\"  class=\"portfolio-full-projectimg\" src=\"http:\/\/9430lacordaire.ca\/appartements-a-louer-saint-leonard\/wp-content\/uploads\/2018\/12\/cropped-IMG-3850.jpg\" data-size=\"1200x800\"><\/div>\n<div  class=\"overlay\" style=\"display: block; opacity: 1;\"><\/div>\n<div  class=\"swap-inner\" style=\"opacity: 1; display: block;\">\n<div  class=\"ContentSwap103-center\">\n<h4  class=\"protfolio-full-itemtitle\">APPARTEMENT MOD\u00c8LE \u00c0 VISITER<\/h4>\n<a class=\"button yellow\" href=\"http:\/\/9430lacordaire.ca\/appartements-a-louer-saint-leonard\/#contact\" target=\"_self\" rel=\"noopener noreferrer\">NOUS CONTACTER<\/a>\n\n<\/div>\n<\/div>\n<\/div>\n<\/div>\n<div  class=\"portfolio-full-projectco cp4cols cp4cols-tablet\">\n<div  id=\"ContentSwap103\" class=\"contentswap-effect ContentSwap103\">\n<div  class=\"ContentSwap103_content initial-image\"><img decoding=\"async\"  class=\"portfolio-full-projectimg\" src=\"http:\/\/9430lacordaire.ca\/appartements-a-louer-saint-leonard\/wp-content\/uploads\/2018\/12\/cropped-IMG-3919.jpg\" data-size=\"1200x800\"><\/div>\n<div  class=\"overlay\" style=\"display: block; opacity: 1;\"><\/div>\n<div  class=\"swap-inner\" style=\"opacity: 1; display: block;\">\n<div  class=\"ContentSwap103-center\">\n<h4  class=\"protfolio-full-itemtitle\">PI\u00c8CES LUMINEUSE<\/h4>\n<a class=\"button yellow\" href=\"http:\/\/9430lacordaire.ca\/appartements-a-louer-saint-leonard\/#contact\" target=\"_self\" rel=\"noopener noreferrer\">EN SAVOIR PLUS\u2026<\/a>\n\n<\/div>\n<\/div>\n<\/div>\n<\/div>\n<div  class=\"portfolio-full-projectco cp4cols cp4cols-tablet\">\n<div  id=\"ContentSwap103\" class=\"contentswap-effect ContentSwap103\">\n<div  class=\"ContentSwap103_content initial-image\"><img decoding=\"async\"  class=\"portfolio-full-projectimg\" src=\"http:\/\/9430lacordaire.ca\/appartements-a-louer-saint-leonard\/wp-content\/uploads\/2018\/12\/cropped-IMG-3845.jpg\" data-size=\"1200x800\"><\/div>\n<div  class=\"overlay\" style=\"display: block; opacity: 1;\"><\/div>\n<div  class=\"swap-inner\" style=\"opacity: 1; display: block;\">\n<div  class=\"ContentSwap103-center\">\n<h4  class=\"protfolio-full-itemtitle\">AMBIANCE CHALEUREUSE<\/h4>\n<a class=\"button yellow\" href=\"http:\/\/9430lacordaire.ca\/appartements-a-louer-saint-leonard\/#contact\" target=\"_self\" rel=\"noopener noreferrer\">OBTENIR DE L\u2019INFORMATION<\/a>\n\n<\/div>\n<\/div>\n<\/div>\n<\/div>\n<\/div>\n<\/div><div  id=\"content-1\" class=\"content-full-left-image-section\" style=\"background-color: #ffffff;\" data-label=\"Content\" data-id=\"content-full-left-image-section\" data-category=\"content\">\n<div  class=\"content-full-left-image-innerrow\">\n<div  class=\"content-full-left-image-imgcol\" style=\"background-image: url('http:\/\/9430lacordaire.ca\/appartements-a-louer-saint-leonard\/wp-content\/uploads\/2018\/12\/facade.jpg');\" data-bg=\"image\"><\/div>\n<div  class=\"content-full-left-image-textcol dynamic-color\">\n<div  class=\"\" data-type=\"column\">\n<h5  class=\"\">9430 Lacordaire<\/h5>\n<h2  class=\"\">Un espace \u00e0 louer o\u00f9 il est bon d\u2019y vivre<\/h2>\n<p  class=\"\">\u00c0 m\u00eame l\u2019\u00e9difice, vous y retrouverez une garderie pour vos enfants et une \u00e9picerie IGA.<\/p>\n\n<\/div>\n<div  class=\"content-full-left-image-featuresrow\">\n<div  class=\"content-full-left-image-featurescol\" data-type=\"column\">\n<h5  class=\"\">\u00c0 PROXIMIT\u00c9<\/h5>\n<p  class=\"\">Tous les services bien repr\u00e9sent\u00e9s dans le quartier imm\u00e9diat : alimentation et boissons, coiffeurs, modes f\u00e9minine et masculine, services d\u2019appoint, gym.<\/p>\n<p  class=\"\">Le r\u00e9seau de train avec la Gare de Saint-L\u00e9onard \u00e0 la porte.<\/p>\n<p  class=\"\">L\u2019acc\u00e8s \u00e0 quelques coins de rue aux bretelles des autoroutes 25 et 40.<\/p>\n<a class=\"button blue\" href=\"http:\/\/9430lacordaire.ca\/appartements-a-louer-saint-leonard\/#contact\" target=\"_self\" rel=\"noopener noreferrer\">Pour obtenir plus d\u2019information<\/a>\n\n<\/div>\n<div  class=\"content-full-left-image-featurescol\" data-type=\"column\"><\/div>\n<\/div>\n<\/div>\n<\/div>\n<\/div>","protected":false},"excerpt":{"rendered":"<p>Merci de remplir ce formulaire afin que nous vous contactions. Le Faubourg Lacrodaire est un tout nouveau projet d\u2019appartements locatif de 154 unit\u00e9s, situ\u00e9 dans un quartier pr\u00eat de la gare de Saint-L\u00e9onard et \u00e0 proximit\u00e9 des commerces et garderie. Plusieurs types de grandeurs vous sont offerts afin que vous puissiez choisir la demeure qui&hellip; <br \/> <a class=\"button small blue\" href=\"https:\/\/9430lacordaire.ca\/appartements-a-louer-saint-leonard\/index.php\/2018\/04\/12\/hello-world\/\">Lire la suite<\/a><\/p>\n","protected":false},"author":2,"featured_media":0,"parent":0,"menu_order":0,"comment_status":"closed","ping_status":"closed","template":"","meta":[],"_links":{"self":[{"href":"https:\/\/9430lacordaire.ca\/appartements-a-louer-saint-leonard\/index.php\/wp-json\/wp\/v2\/pages\/4"}],"collection":[{"href":"https:\/\/9430lacordaire.ca\/appartements-a-louer-saint-leonard\/index.php\/wp-json\/wp\/v2\/pages"}],"about":[{"href":"https:\/\/9430lacordaire.ca\/appartements-a-louer-saint-leonard\/index.php\/wp-json\/wp\/v2\/types\/page"}],"author":[{"embeddable":true,"href":"https:\/\/9430lacordaire.ca\/appartements-a-louer-saint-leonard\/index.php\/wp-json\/wp\/v2\/users\/2"}],"replies":[{"embeddable":true,"href":"https:\/\/9430lacordaire.ca\/appartements-a-louer-saint-leonard\/index.php\/wp-json\/wp\/v2\/comments?post=4"}],"version-history":[{"count":184,"href":"https:\/\/9430lacordaire.ca\/appartements-a-louer-saint-leonard\/index.php\/wp-json\/wp\/v2\/pages\/4\/revisions"}],"predecessor-version":[{"id":487,"href":"https:\/\/9430lacordaire.ca\/appartements-a-louer-saint-leonard\/index.php\/wp-json\/wp\/v2\/pages\/4\/revisions\/487"}],"wp:attachment":[{"href":"https:\/\/9430lacordaire.ca\/appartements-a-louer-saint-leonard\/index.php\/wp-json\/wp\/v2\/media?parent=4"}],"curies":[{"name":"wp","href":"https:\/\/api.w.org\/{rel}","templated":true}]}}